divide 3567712?
False
Is 9 a factor of 490743?
True
Does 162 divide 199680?
False
Does 2 divide 21750?
True
Is 104632 a multiple of 232?
True
Is 33 a factor of 1519056?
True
Is 19320 a multiple of 16?
False
Is 617118 a multiple of 163?
True
Does 94 divide 670539?
False
Does 246 divide 90282?
True
Is 33856 a multiple of 20?
False
Does 51 divide 54111?
True
Is 992409 a multiple of 87?
True
Is 21 a factor of 566980?
False
Does 25 divide 578825?
True
Does 38 divide 628976?
True
Is 5784600 a multiple of 248?
True
Is 3 a factor of 604240?
False
Is 488 a factor of 342928?
False
Does 75 divide 7634257?
False
Is 2578388 a multiple of 123?
False
Is 15 a factor of 55014?
False
Is 76221 a multiple of 12?
False
Does 403 divide 5631925?
True
Is 69 a factor of 1426989?
True
Is 284080 a multiple of 265?
True
Is 297792 a multiple of 264?
True
Is 4396381 a multiple of 740?
False
Is 30 a factor of 14534?
False
Is 2668320 a multiple of 240?
True
Does 317 divide 6093691?
True
Is 2605207 a multiple of 2?
False
Is 1467456 a multiple of 96?
True
Does 16 divide 342432?
True
Is 1039135 a multiple of 52?
False
Is 1809178 a multiple of 6?
False
Does 66 divide 433642?
False
Is 708510 a multiple of 165?
True
Is 217 a factor of 11057208?
False
Does 634 divide 401945?
False
Does 109 divide 112924?
True
Does 580 divide 1070100?
True
Is 50 a factor of 299750?
True
Is 127 a factor of 4626737?
True
Is 94 a factor of 954553?
False
Is 764359 a multiple of 69?
False
Is 12 a factor of 793821?
False
Is 212979 a multiple of 13?
True
Does 51 divide 170714?
False
Does 272 divide 99008?
True
Is 1464732 a multiple of 105?
False
Is 628243 a multiple of 86?
False
Is 18 a factor of 141552?
True
Is 23 a factor of 100234?
True
Does 102 divide 355150?
False
Is 1017 a factor of 191196?
True
Does 75 divide 89654?
False
Is 7025 a multiple of 5?
True
Is 67 a factor of 2687914?
False
Is 74 a factor of 8258315?
False
Is 29648 even?
True
Is 35648 a multiple of 32?
True
Does 19 divide 3243147?
False
Is 226 a factor of 2704861?
False
Is 1203080 a multiple of 19?
True
Is 2945 a multiple of 52?
False
Is 1434 a factor of 55869?
False
Is 182400 a multiple of 367?
False
Is 109609 a multiple of 11?
False
Is 19 a factor of 2199461?
False
Does 142 divide 4886788?
True
Does 136 divide 149600?
True
Is 79514 a multiple of 313?
False
Does 34 divide 3005132?
False
Is 738659 a multiple of 10?
False
Does 9 divide 153981?
True
Is 545266 a multiple of 566?
False
Is 29 a factor of 2006394?
True
Is 250 a factor of 230250?
True
Does 9 divide 1101582?
True
Is 50352 a multiple of 7?
False
Does 16 divide 21600?
True
Is 14 a factor of 757974?
True
Is 32 a factor of 7744544?
True
Is 16 a factor of 168944?
True
Is 6770802 a multiple of 864?
False
Is 53802 a multiple of 61?
True
Is 7 a factor of 116214?
True
Is 786 a factor of 733117?
False
Does 10 divide 473570?
True
Does 49 divide 133145?
False
Is 422186 a multiple of 16?
False
Does 23 divide 1109774?
False
Is 458237 a multiple of 6?
False
Does 167 divide 21376?
True
Is 18837 a multiple of 13?
True
Is 195580 a multiple of 28?
True
Does 65 divide 12515?
False
Is 47994 a multiple of 114?
True
Does 12 divide 659520?
True
Does 49 divide 6760677?
True
Does 139 divide 150515?
False
Is 11 a factor of 18458?
True
Is 32 a factor of 30770?
False
Is 2143683 a multiple of 51?
True
Does 36 divide 69503?
False
Is 188 a factor of 282464?
False
Is 3300283 a multiple of 61?
True
Does 421 divide 5254822?
False
Does 12 divide 905160?
True
Is 3163236 a multiple of 276?
True
Is 229 a factor of 19961?
False
Is 137 a factor of 252628?
True
Does 13 divide 1888347?
False
Does 32 divide 7043?
False
Does 23 divide 4265060?
False
Is 141 a factor of 600378?
True
Is 7114381 a multiple of 8?
False
Is 114 a factor of 6723579?
False
Is 44 a factor of 19458604?
True
Is 486734 a multiple of 2?
True
Is 37 a factor of 6877153?
True
Is 8422890 a multiple of 181?
False
Is 20 a factor of 112292?
False
Is 204960 a multiple of 122?
True
Is 1128647 a multiple of 173?
False
Does 17 divide 271609?
True
Is 5832923 a multiple of 241?
True
Is 910040 a multiple of 20?
True
Does 166 divide 242526?
True
Is 138449 a multiple of 7?
False
Does 14 divide 156226?
True
Is 31 a factor of 2492970?
False
Is 224037 a multiple of 341?
True
Is 109108 a multiple of 2?
True
Is 247333 a multiple of 44?
False
Does 14 divide 603428?
True
Is 178 a factor of 10159444?
False
Is 14 a factor of 325978?
False
Is 480 a factor of 338880?
True
Is 7246432 a multiple of 14?
False
Does 148 divide 213834?
False
Is 25388 a multiple of 60?
False
Is 59 a factor of 1285457?
False
Is 136595 a multiple of 27?
False
Is 16665720 a multiple of 348?
True
Is 408 a factor of 204408?
True
Is 228132 a multiple of 18?
True
Does 37 divide 644561?
False
Is 41 a factor of 2091287?
True
Is 511 a factor of 1615782?
True
Is 155904 a multiple of 448?
True
Does 18 divide 177695?
False
Does 48 divide 3848684?
False
Does 366 divide 559248?
True
Does 155 divide 21785933?
False
Is 1823353 a multiple of 797?
False
Does 314 divide 1571570?
True
Is 102 a factor of 639438?
True
Does 2 divide 641640?
True
Does 19 divide 71421?
True
Does 61 divide 195078?
True
Is 4 a factor of 70992?
True
Is 582135 a multiple of 107?
False
Is 10198848 a multiple of 1678?
False
Is 73300 a multiple of 22?
False
Is 2347121 a multiple of 13?
False
Is 1377174 a multiple of 741?
False
Is 7697847 a multiple of 25?
False
Is 270 a factor of 1544670?
True
Does 22 divide 486992?
True
Does 418 divide 4796235?
False
Is 36 a factor of 770882?
False
Is 82107 a multiple of 3?
True
Does 451 divide 7227979?
False
Does 16 divide 182528?
True
Is 30 a factor of 36660?
True
Does 8 divide 44672?
True
Is 6634374 a multiple of 987?
False
Does 10 divide 229956?
False
Does 9 divide 81414?
True
Is 903837 a multiple of 106?
False
Is 4607013 a multiple of 349?
False
Is 6544633 a multiple of 637?
False
Is 255 a factor of 958290?
True
Does 20 divide 648851?
False
Does 31 divide 2658777?
True
Does 17 divide 3961?
True
Does 83 divide 87731?
True
Is 1784727 a multiple of 7?
True
Is 885840 a multiple of 120?
True
Is 12750 a multiple of 6?
True
Is 731 a factor of 158627?
True
Does 122 divide 10598506?
True
Is 528071 a multiple of 17?
True
Is 226556 a multiple of 98?
False
Does 22 divide 1612446?
True
Is 235359 a multiple of 19?
False
Does 2 divide 1695370?
True
Is 281400 a multiple of 140?
True
Is 123 a factor of 2406819?
False
Is 1132919 a multiple of 34?
False
Does 6 divide 7729206?
True
Is 271 a factor of 1366111?
True
Is 1546006 a multiple of 22?
True
Is 3675 a multiple of 105?
True
Does 286 divide 306592?
True
Does 12 divide 26736?
True
Is 67 a factor of 866917?
False
Is 16543845 a multiple of 12?
False
Is 9741667 a multiple of 169?
True
Is 22 a factor of 334532?
True
Is 14558 a multiple of 5?
False
Does 9 divide 3223928?
False
Is 373 a factor of 2258991?
False
Is 10350 a multiple of 345?
True
Is 372 a factor of 2712960?
False
Is 185641 a multiple of 524?
False
Does 2 divide 1015615?
False
Is 114 a factor of 292872?
False
Is 10221981 a multiple of 77?
True
Does 18 divide 62316?
True
Does 100 divide 4523400?
True
Is 1631 a factor of 8668765?
True
Does 17 divide 3470015?
False
Is 3 a factor of 38108?
False
Does 606 divide 516748?
False
Does 9 divide 4223475?
True
Is 146300 a multiple of 220?
True
Is 5 a factor of 732469?
False
Is 89 a factor of 21182?
True
Is 6368490 a multiple of 1030?
True
Is 744450 a multiple of 50?
True
Is 47820 a multiple of 165?
False
Does 18 divide 167319?
False
Does 796 divide 1554222?
False
Is 1109970 a multiple of 90?
True
Does 11 divide 2310052?
False
Is 44 a factor of 13503204?
True
Is 2373696 a multiple of 192?
True
Is 1509864 a multiple of 4?
True
Does 1329 divide 2596891?
False
Does 40 divide 4351280?
True
Does 195 divide 312791?
False
Is 11 a factor of 120593?
True
Is 458187 a multiple of 252?
False
Is 533 a factor of 484497?
True
Is 33776 a multiple of 5?
False
Is 15 a factor of 214200?
True
Does 76 divide 11437578?
False
Is 9006525 a multiple of 33?
True
Does 32 divide 386752?
True
Is 261 a factor of 977297?
False
Is 164864 a multiple of 8?
True
Is 658144 a multiple of 56?
False
Is 80 a factor of 300239?
False
Does 76 divide 96200?
False
Is 1870719 a multiple of 209?
False
Is 538 a factor of 96576?
F